se
Suppose -f = 5 - 2. Is 3 - -36 - (-2 - f) a prime number?
False
Let a be 1/(-3 + 2) + -16. Let r(d) = d**2 - 1. Let t be r(-5). Let j = t + a. Is j a composite number?
False
Let i(p) = -33*p - 2. Is i(-9) composite?
True
Is 1*(0 - 2)*353/(-2) a composite number?
False
Suppose 0*c = 5*c - 270. Suppose 0 = -d + 23 + c. Is d composite?
True
Let s(g) = -91*g + 20. Is s(-3) composite?
False
Suppose -5*w - p = -14, 5*w - 14 + 4 = -5*p. Suppose -19 = -w*i - 7. Suppose 2*s + 142 = i*s. Is s a composite number?
False
Let v = -14 + 71. Is v prime?
False
Suppose -5*g - 2 = -2*i - 12, 0 = -i. Suppose -p = g*p - 69. Is p composite?
False
Suppose 8*b + 2536 - 14880 = 0. Is b a prime number?
True
Let w = 39 + -13. Suppose -2*u + w = 2*y, 5*u + y - 71 = -y. Is u composite?
True
Let d = 6 - 6. Let p be (1 + (-1 - -1))*d. Is p + (-11)/(-3 - -2) composite?
False
Let h(p) = -1055*p**3 - p**2 - p. Is h(-1) prime?
False
Suppose -6*s + 459 + 795 = 0. Is s a prime number?
False
Suppose j - 6*j + 3995 = 0. Is j a prime number?
False
Let o = 2 + 1. Let c be 215 - 0/(1 + -5). Suppose -o*u = -52 - c. Is u a composite number?
False
Let d be 26*(-29)/(-2) + 0. Suppose -2*g - g - 2*j + d = 0, j + 637 = 5*g. Is g a composite number?
False
Let x(h) = 16*h + 3. Let r(b) = -33*b - 6. Let l(k) = 4*r(k) + 7*x(k). Is l(-2) composite?
False
Suppose 0 = w - 0 + 2. Let u(v) = v**2 - 11*v - 7. Let r(s) = 5*s + 3. Let q(c) = 9*r(c) + 4*u(c). Is q(w) a composite number?
False
Suppose 2*j - 5*j = -6. Suppose -z - j*z + 5*d - 841 = 0, -4*d = -2*z - 564. Let r = z - -387. Is r a prime number?
False
Suppose -2 = n + n. Let a(g) = g + 1. Let o(p) = -80*p**2 - 4*p - 3. Let r(k) = -2*a(k) - o(k). Is r(n) composite?
False
Let k(g) = g. Let f be k(0). Let d be 4 - (0 + 1 + f). Suppose 4*m = -2*i + 134, 2*i - d*m - 134 = 2*m. Is i a composite number?
False
Let j(k) = 182*k + 3. Let c be j(5). Suppose -l + 5*l - x = 1230, -3*l + c = 4*x. Is l a composite number?
False
Suppose 95 = 4*k + 23. Suppose 2*w - 10 = -2*c, c = -4*w - 2*c + k. Let t(l) = 3*l**2 + 4*l - 2. Is t(w) composite?
False
Suppose 2*p = j - 6*j + 3147, 10 = 2*j. Is p prime?
False
Let m(f) = -317*f - 24. Is m(-7) prime?
False
Let a(z) = 43*z + 10. Is a(3) a composite number?
False
Let y(h) = -h + 8. Let a be y(0). Suppose a = 2*v + 2*v. Suppose -t + 78 = v*t. Is t prime?
False
Suppose 0 = -4*x - 5*a + 867, 0*a + 238 = x - 3*a. Is x prime?
True
Suppose 4*i - 344 = 4*o, -i - o = o - 95. Is i prime?
True
Let v(f) = 5*f**2 - 4*f + 8. Let n be v(-6). Let w = -109 + n. Is w a prime number?
True
Let a(z) = -z**2 + 6*z + 8. Let r be a(6). Let x(s) = -187*s + 4. Let g be x(r). Is g/(-28) + (-2)/7 a composite number?
False
Suppose 0*s - 5*s + 903 = -2*y, -5*s + 5*y = -915. Is s a prime number?
True
Let j(a) = 2*a**2 + 8*a + 6. Let b(w) = 4*w + 3. Let v be b(-2). Let h be j(v). Suppose 3 = -l + h. Is l a prime number?
True
Let u be ((-4)/10)/((-5)/25). Suppose -672 = -2*y + u*b, -b = -2*y + 3*y - 334. Is y prime?
False
Let a(g) = -g**3 + 2*g**2 - 5*g + 3. Is a(-5) a composite number?
True
Suppose l + 310 = -l. Let d = -155 + l. Let q = -183 - d. Is q a composite number?
False
Let c(i) = -i**2 - 10*i - 12. Let v be c(-8). Suppose 5*b = -3*p - 19, v - 16 = 2*b - p. Is b*((-4)/10 - 0) composite?
False
Let o(l) = -l**3 - 9*l**2 - 8*l + 4. Let q be o(-8). Suppose 3*j + 248 = -2*v, -q*v = -5*j - v - 426. Let b = -35 - j. Is b a prime number?
False
Is (29/(-3))/((-1)/6) prime?
False
Let s = 0 - -20. Let q = s - -111. Is q prime?
True
Suppose v = -2*v. Suppose -3*s + 273 = -v*s. Is s prime?
False
Let f(r) be the second derivative of 9*r**3 - 11*r**2/2 + 5*r. Is f(5) a composite number?
True
Suppose 5*z + 3620 = 5*a + 4*z, 0 = 2*a - 2*z - 1456. Is a a prime number?
False
Let i = 497 - 752. Let t(h) = -77*h - 11. Let a be t(-5). Let m = i + a. Is m a composite number?
True
Let t(b) = -b + 12. Let v be t(11). Is -2 + v/((-3)/(-261)) a composite number?
True
Suppose -4*b + 5*z + 0*z + 1632 = 0, 2*b = z + 822. Is b a prime number?
False
Let c(v) = 11*v**2 + 15*v + 5. Is c(-10) composite?
True
Suppose 20 = 7*h - 2*h. Let j(s) = -s**2 + s. Let b be j(1). Suppose -n - 55 = h*r - 8*r, b = n - 1. Is r a prime number?
False
Let v(t) = 3*t**3 - 5*t**2 + 1. Is v(7) a prime number?
False
Let o = 4 + -4. Suppose o = n - 5*k - 22, -2*n + 2*k + 93 = 9. Is n composite?
False
Suppose 0 = 2*s + 3*c - 35, -s + 3*c - 5 = -0*s. Is (-3 + -28)/((-2)/s) a prime number?
False
Suppose -10*a + 6*a + 444 = 0. Suppose -7*g - a = -8*g. Is g a composite number?
True
Suppose 2*k = 63 - 1. Let d = k - -6. Is d a composite number?
False
Suppose 0 = 3*q + 3*y - 12, 5*q + 0*q - y + 4 = 0. Suppose 208 = 4*p - q*p. Suppose -h = -1 - p. Is h a prime number?
True
Let b(j) = j - 5 + 3*j + 2*j**2 + 9*j**2 + j**3. Let q be (-86)/10 - 4/10. Is b(q) a composite number?
True
Is (1074/(-8))/(30/(-40)) composite?
False
Let q be 1/1*12/2. Suppose -106 = -q*t + 4*t. Is t prime?
True
Let f be (-10)/(-35) - (-12)/7. Let u be 1/((-2)/58 + 0). Is 0 + (f - u) + 2 a composite number?
True
Suppose 2*d = -4*p - 8, 5*d = 2*p - 0*p - 20. Suppose p = -a - 0*a + 151. Suppose -4*k = -a - 445. Is k prime?
True
Suppose -32*l = -27*l - 290. Is l a prime number?
False
Suppose -3*t = -y - 22, -3*t + 3*y + 17 = -t. Suppose 4*x = 5*a + 351, 2*x - t*a + 3*a - 168 = 0. Is x composite?
True
Let k = 32 - -35. Is k composite?
False
Let t = -4 - -6. Is 79 + -1 + -3 + t prime?
False
Let s be (18/(-10) + 1)*5. Is 38 + 3/(s - -3) a composite number?
True
Let l = 2 + -3. Let z be -91 + (-2 - -1)*l. Let i = z + 127. Is i a composite number?
False
Let y be (-5)/10*(-1 + 1). Suppose 10 = -y*c + c. Let i(g) = g + 5. Is i(c) a composite number?
True
Is (-93036)/(-60) - (-4)/10 - -4 composite?
True
Let c(b) = b. Let d be c(0). Suppose -2*l - 5*u - 194 = d, 59 = -l + 3*u - 60. Is 5 - l - (3 + 0) prime?
True
Let f = 617 - 319. Is f a composite number?
True
Is ((1 + -1773)/(-2))/2 a prime number?
True
Let u(z) = 481*z - 32. Is u(3) composite?
True
Let j(a) = 50*a. Let f be j(2). Let w = -10 + 13. Suppose -b + f = w*b. Is b a composite number?
True
Let f = -30 + 165. Suppose -627 = -4*x - f. Is 3/6 - x/(-2) a composite number?
True
Suppose 4*d - 230 - 418 = 5*s, 0 = -5*d - 2*s + 843. Is d a prime number?
True
Suppose 3*q + 3*p - 33 = -2*p, 4*q + p = 27. Let m be (-1048)/(-6) + (-4)/q. Suppose 2*t - m = -t. Is t a composite number?
True
Let c = 1059 - -194. Is c composite?
True
Suppose -5*b + 2*b = -5*d - 1142, -4*b + 1511 = 5*d. Is b a prime number?
True
Let c be 6/39 - (-279)/(-39). Let t(w) = w**2 + 5*w + 7. Is t(c) a composite number?
True
Let s = 3 - 0. Let n(l) = 3*l**2 - l - 1. Let m be n(s). Is m + 1 + (2 - 0) a prime number?
False
Let m(f) = 5*f**2 + 3*f + 3. Is m(6) a prime number?
False
Let p = -5 + 2. Is ((-2)/4)/(p/282) prime?
True
Let l(p) be the first derivative of -7*p**2/2 - 5*p + 4. Is l(-6) a prime number?
True
Is (-2180)/(-1) - (2 - (-5 - -6)) a composite number?
False
Let j(f) = 151*f - 7. Let p(d) = -226*d + 11. Let i(x) = 8*j(x) + 5*p(x). Suppose -8 = -4*m - 4*n + n, 2*m - n = 4. Is i(m) a composite number?
True
Let g(u) = -u**3 - 6*u**2 - u - 5. Let a be g(-6). Let r be -2 - (-1 + a + 8). Let v(y) = -8*y - 11. Is v(r) composite?
True
Let j(l) = l**2 + 2*l - 8. Let c be j(7). Suppose -p + c = -0*p. Is p composite?
True
Is -2*(-4)/16*178 composite?
False
Let f(u) = -18*u - 7. Is f(-7) composite?
True
Let r = -13 - -11. Is (11 - 13)*79/r composite?
False
Let p be 6 - (-1 + 0 + 1). Let i(h) be the second derivative of h**5/20 - h**4/2 + 3*h**2 + h. Is i(p) prime?
False
Let b = -6 + 2. Let l be (b + 2)*-10*1. Let y = l + -10. Is y a prime number?
False
Let m = -108 + 152. Let l = 101 + m. Is l a prime number?
False
Suppose 0 = -u + 34 + 15. Is 917/u - (-2)/7 prime?
True
Let d(c) = c**2 + 20*c + 21. Is d(20) prime?
True
Let h(z) = -484*z**3 + z - 1. Let s be h(1). Let a = s - -791. Is a a composite number?
False
Suppose 36*m - 1119 = 33*m. Is m a prime number?
True
Suppose 4*u = 343 + 353. Suppose 3*d - 5*d + u = 0. Is d a prime number?
False
Is (8 + 3)/((-5)/(-35)) a prime number?
False
Suppose 4*u = 6 + 2. Suppose -y - u*i = -85, -58 = 2*y + 2*i - 220. Is y a composite number?
True
Let c = -263 + 654. Is c a composi